- 97*i**2 + 217*i + 480. What is v(47)?
4052
Let p(j) = -8*j**3 + 594*j**2 - 143*j - 19. What is p(74)?
351
Let x(s) = -34073*s + 2759913. Give x(81).
0
Let f(b) = -54*b**2 - 482*b + 1205. Give f(-11).
-27
Let y(o) = 78748*o - 2047448. Determine y(26).
0
Let o(s) = -s**2 + 2864*s - 455452. What is o(169)?
3
Let x(r) = -3*r**3 + 219*r**2 + 641*r - 32. What is x(-3)?
97
Let r(t) = 2*t**3 - 11*t**2 - 347*t + 514. What is r(16)?
338
Let r(z) = -2*z**2 + 118*z + 185. What is r(59)?
185
Let d(l) = -810*l + 2. Calculate d(1).
-808
Let c(i) = -i**3 - 372*i**2 + 22054*i + 2540. What is c(-424)?
-4
Let n(d) = -d**2 - 292*d - 13151. What is n(-61)?
940
Let l(c) = -8*c**2 + 995*c + 642. Give l(125).
17
Let s(f) = -22*f - 897. Determine s(0).
-897
Let b(m) = 997*m - 47915. Give b(48).
-59
Let k(w) = 4*w**2 + 161*w - 3762. Give k(20).
1058
Let d(m) = -3*m**2 - 487*m - 6207. Determine d(-13).
-383
Let h(x) = 35858*x - 29762134. What is h(830)?
6
Let u(z) = 4*z**2 - 11050*z + 1034226. Give u(97).
12
Let c(n) = -2*n**3 + 99*n**2 - 1006*n - 625. Determine c(35).
-310
Let j(m) = -m**2 + 487*m + 77979. Give j(614).
1
Let z(c) = -5341*c - 181679. Determine z(-34).
-85
Let t(b) = 229*b + 121491. Calculate t(-532).
-337
Let m(q) = 82*q**3 - 20*q**2 + 42*q + 2. Calculate m(2).
662
Let o(v) = -5260*v - 110417. Calculate o(-21).
43
Let n(p) = -4*p**3 - 108*p**2 - 18*p - 630. Determine n(-27).
-144
Let q(x) = -7*x**2 - 91*x + 795. Give q(-19).
-3
Let o(w) = 50538*w - 656840. Give o(13).
154
Let o(l) = -l**3 - 1394*l**2 - 148241*l + 882. Determine o(-116).
70
Let w(a) = 299*a - 7111. What is w(22)?
-533
Let h(u) = -u**3 + 1439*u**2 + 15*u - 21593. Determine h(1439).
-8
Let c(a) = 36600*a - 2305818. Give c(63).
-18
Let p(l) = 4*l**2 - 14423*l + 229744. Give p(16).
0
Let s(l) = 1362*l + 888. What is s(-1)?
-474
Let c(y) = 5361*y - 112582. What is c(21)?
-1
Let s(f) = 93*f - 35155. Calculate s(378).
-1
Let g(w) = -14*w**2 + 32*w + 66. Calculate g(-2).
-54
Let m(h) = -606*h**3 - 49*h**2 + 48*h. Give m(1).
-607
Let l(j) = -7*j**3 + 141*j**2 - 426*j - 615. Give l(16).
-7
Let v(y) = -430*y**3 - 124*y**2 - 118*y + 6. Give v(-1).
430
Let v(s) = -2*s**2 - 656*s - 7576. What is v(-316)?
8
Let d(v) = -3*v**3 + 7*v**2 - 54*v - 476. Give d(-5).
344
Let k(f) = -260*f + 1742. Give k(4).
702
Let g(k) = 8348*k**2 - 801395*k - 1250. Determine g(96).
-2
Let n(o) = -3*o**3 - 10*o**2 - 31*o - 364. Determine n(-8).
780
Let x(o) = -o**2 + 33654*o - 1008720. Determine x(30).
0
Let w(l) = l**3 - 6*l**2 + 59419*l - 178216. Calculate w(3).
14
Let r(a) = -1062*a - 28289. Give r(-27).
385
Let t(l) = -699*l - 106954. What is t(-153)?
-7
Let x(c) = -c**2 - 244*c - 13808. Calculate x(-90).
52
Let k(l) = -2*l**2 + 14098*l + 924820. Give k(-65).
0
Let d(k) = 21*k + 1221. Give d(-88).
-627
Let g(u) = u**2 + 715*u + 41030. Calculate g(-63).
-46
Let u(w) = 6*w**2 - 1199*w - 3487. Calculate u(202).
-861
Let d(q) = -4038*q + 1736336. Calculate d(430).
-4
Let o(n) = n**3 + 75*n**2 + 70*n - 257. Calculate o(-74).
39
Let n(x) = x**3 + 942*x**2 + 3710*x - 39395. Give n(-938).
1
Let y(g) = -g**3 + 34*g**2 + 203*g + 12. What is y(-5)?
-28
Let j(p) = 61*p**2 - 431*p - 2002. Determine j(8).
-1546
Let i(p) = -2*p**2 - 434*p + 5019. Calculate i(-228).
3
Let j(r) = -2177*r + 10982. Calculate j(5).
97
Let l(h) = -6*h**3 + 314*h**2 - 177*h + 3570. Give l(52).
-226
Let l(n) = -13*n**3 + 728*n**2 + 768*n - 1470. Calculate l(57).
69
Let g(n) = -n**3 - 15*n**2 + 249*n - 856. Give g(5).
-111
Let d(c) = 7*c**3 - 1066*c**2 + 1298*c + 9163. Determine d(151).
-48
Let v(b) = -b**2 + 253*b + 93232. Determine v(-204).
4
Let o(s) = -44*s**2 - 768*s - 95. Give o(-19).
-1387
Let q(v) = 1628*v - 92829. What is q(57)?
-33
Let v(z) = -4199*z + 608880. Give v(145).
25
Let f(i) = -6821*i + 13853. Give f(2).
211
Let z(c) = 1361*c - 83843. Determine z(62).
539
Let n(s) = -2*s**2 - 125*s + 13381. What is n(-119)?
-66
Let w(p) = p**3 - 22*p**2 + 254*p - 4344. Calculate w(20).
-64
Let j(h) = 2*h**2 - 65*h + 189. Determine j(3).
12
Let m(g) = -4*g**2 - 1860*g - 91612. Give m(-56).
4
Let f(v) = -11*v**2 - 37644*v - 75289. What is f(-2)?
-45
Let g(x) = -2200*x + 33151. Determine g(15).
151
Let u(s) = -43*s**2 - 137*s + 11. What is u(10)?
-5659
Let z(q) = 2*q**3 - 26*q**2 - 67667*q + 812295. Determine z(12).
3
Let f(t) = t**3 - 17*t**2 - 148*t + 1579. Give f(28).
6059
Let u(t) = 16*t**3 + 36*t**2 - 36*t - 4. What is u(-3)?
-4
Let o(a) = -88*a - 3039. What is o(0)?
-3039
Let d(h) = -6158*h - 1083810. Give d(-176).
-2
Let n(y) = y**2 - 1130*y - 348398. Determine n(-252).
-134
Let m(k) = 5*k**3 + 83*k**2 + 765*k + 13578. Calculate m(-17).
-5
Let q(r) = -11*r**3 - 9*r**2 - 23*r - 137. Calculate q(-6).
2053
Let o(f) = 13*f + 3667. Give o(-143).
1808
Let i(p) = -2*p**3 + 157*p**2 - 157*p - 2029. Give i(78).
-8191
Let i(d) = -d**3 + 3*d**2 + 19*d - 80. Determine i(4).
-20
Let i(d) = -155242*d - 18629048. Determine i(-120).
-8
Let k(f) = 381530*f - 1907652. Determine k(5).
-2
Let w(a) = -a**2 + 145*a - 419. Give w(3).
7
Let u(f) = -49*f + 2809. Determine u(58).
-33
Let w(h) = 5*h**2 - 24*h - 4304. Determine w(32).
48
Let k(o) = o**2 + 127*o - 105226. Calculate k(267).
-28
Let h(a) = -a**3 - 171*a**2 + 4965*a + 14. Give h(26).
-4068
Let y(l) = 173*l**2 - 76*l - 41. Determine y(3).
1288
Let i(l) = 54*l**2 - 14464*l - 1041. Calculate i(268).
1103
Let a(w) = 9*w**3 - 1315*w**2 + 138*w + 1122. What is a(146)?
-46
Let p(b) = 105265*b + 3473739. Calculate p(-33).
-6
Let l(m) = -6*m + 905. Give l(68).
497
Let a(d) = -2*d**2 + 3194*d - 66216. Calculate a(21).
-24
Let l(z) = 1069*z - 208. Give l(3).
2999
Let t(g) = -46*g**2 - 82*g - 182. Calculate t(9).
-4646
Let z(g) = -6863133*g + 6863124. Give z(1).
-9
Let r(f) = 153*f + 4086. Give r(-25).
261
Let z(f) = -f**3 - 22*f**2 - 146*f - 271. Give z(-10).
-11
Let r(g) = 754614*g + 754604. Give r(-1).
-10
Let o(j) = -44*j**2 - 39*j. What is o(-5)?
-905
Let p(k) = 19*k**2 + 740*k + 578. Calculate p(-38).
-106
Let h(k) = k**3 - 32*k + 97. Determine h(3).
28
Let u(k) = 44614*k + 669212. Give u(-15).
2
Let j(v) = 122*v**3 + v**2 + 60*v - 60. What is j(1)?
123
Let z(y) = 6*y**3 - 20*y**2 + 19*y + 49. What is z(-2)?
-117
Let v(n) = -2*n**3 + 26*n**2 + 37*n - 233. Give v(9).
748
Let t(n) = -20913*n + 417532. Give t(20).
-728
Let a(i) = -730*i**2 + 2520*i - 973. Give a(3).
17
Let d(t) = -t**3 - 36*t**2 - 310*t - 228. Determine d(-15).
-303
Let s(p) = -p**3 - 452*p**2 + 50706*p + 11444. Determine s(-545).
-1
Let g(x) = -130*x - 8408. What is g(-70)?
692
Let t(p) = 503*p - 59848. Give t(119).
9
Let h(q) = -4554*q + 182112. Calculate h(40).
-48
Let z(w) = 49086*w - 3092420. Calculate z(63).
-2
Let g(o) = -o**3 - 49*o**2 - 149*o + 2804. Give g(-44).
-320
Let d(j) = j**3 + 24*j**2 - 16*j - 894. Calculate d(-23).
3
Let b(q) = 7*q**3 - 1096*q**2 + 634*q - 1495. Determine b(156).
65
Let b(q) = q**2 - 44*q - 465. Give b(-13).
276
Let r(d) = d**2 - 247*d - 4199. Determine r(261).
-545
Let z(a) = -a**3 + 54*a**2 + 73*a + 9859. Determine z(58).
637
Let t(h) = -6*h**3 - 245*h**2 + 32*h - 390. Calculate t(-41).
-21
Let x(p) = -p**3 + 25*p**2 - 112*p - 17. What is x(18)?
235
Let k(s) = -26*s**2 + 566*s + 2. What is k(22)?
-130
Let p(f) = -f**3 - 184*f**2 + 781*f + 5450. Give p(-188).
-2
Let o(q) = 17470*q - 262288. Determine o(15).
-238
Let m(k) = -3*k**3 + 27*k**2 + 324*k + 194. What is m(16)?
2
Let j(y) = 109*y - 3237. What is j(22)?
-839
Let y(h) = -h**2 + 72*h + 1641. Give y(102).
-1419
Let f(c) = 35658*c - 4528582. What is f(127)?
-16
Let v(p) = -p**3 + 34*p**2 - 122*p + 160. What is v(30)?
100
Let j(p) = -p**3 + 10*p**2 + 81*p - 350. Give j(14).
0
Let g(i) = 2*i**2 - 4110*i - 99784. Calculate g(-24).
8
Let a(x) = 13289*x - 106235. Give a(8).
77
Let p(h) = -h**2 - 47*h + 53112. What is p(-254)?
534
Let r(q) = -7*q**3 - 166*q**2 - 536*q - 9631. What is r(-23)?
52
Let b(p) = -4*p**2 - 123*p + 3831. Give b(-50).
-19
Let y(l) = 4*l**2 + 170*l - 1625. Give y(8).
-9
Let j(a) = -55351*a - 1107039. Calculate j(-20).
-19
Let c(q) = -q**3 + 8*q**2 - 5006*q + 24947. Give c(5).
-8
Let x(w) = -w**3 + 4*w**2 + 125*w - 72. Give x(-12).
732
Let y(c) = -c**2 + 1565*c + 68983. Calculate y(-43).
-161
Let g(d) = -10*d**3 - 220*d**2 + 25*d + 361. Calculate g